 Calculate r(-8).
-1
Let a(d) = -612*d**2 - 119*d + 120. Determine a(1).
-611
Let c(f) = f**3 - 42*f**2 - 10*f - 1409. What is c(43)?
10
Let l(t) = -t**3 - 6*t**2 + 4*t - 66. Calculate l(-8).
30
Let k(v) = v**3 - 14*v**2 + 8*v - 126. Give k(14).
-14
Let u(a) = -3126*a - 40650. Calculate u(-13).
-12
Let k(p) = -2*p**2 - 27*p - 10. Determine k(-14).
-24
Let k(i) = -2*i**3 + 68*i**2 + 64*i + 275. Determine k(35).
65
Let s(f) = 337*f + 12470. What is s(-37)?
1
Let u(j) = 94*j**2 + 570*j + 123. What is u(-6)?
87
Let t(l) = -2*l**3 + 8*l**2 - 117*l + 433. Calculate t(4).
-35
Let f(j) = j**2 - 40*j + 180. Determine f(39).
141
Let d(o) = 10*o - 208. Calculate d(17).
-38
Let r(s) = -2*s**3 - 73*s**2 - 39*s - 32. Determine r(-36).
76
Let o(i) = 4*i**2 - 267*i + 1845. What is o(59)?
16
Let u(s) = 404*s**2 + 2427*s + 27. Determine u(-6).
9
Let c(w) = 165*w - 810. Calculate c(5).
15
Let o(y) = y**2 - 48*y + 277. Calculate o(6).
25
Let v(t) = 3*t**2 - 4*t - 24. Calculate v(6).
60
Let z(j) = -127*j + 4921. Calculate z(39).
-32
Let n(j) = 147*j + 14118. What is n(-96)?
6
Let f(g) = -113*g + 88. Give f(4).
-364
Let j(i) = 2*i**2 - 18*i + 29. Give j(5).
-11
Let s(r) = r**2 + 5*r - 234. Give s(-20).
66
Let i(m) = m**3 - 27*m**2 - 114*m + 50. Give i(-4).
10
Let y(f) = -300*f + 2094. Calculate y(7).
-6
Let a(f) = -42*f + 186. What is a(5)?
-24
Let i(z) = -14*z + 247. Give i(28).
-145
Let c(w) = w**2 + 156*w + 2238. Give c(-15).
123
Let t(d) = -7*d - 141. What is t(-12)?
-57
Let b(h) = 22*h**3 - 2*h + 2. Determine b(2).
174
Let p(d) = -d**2 - 23*d - 1. Give p(-3).
59
Let n(t) = t**3 - 16*t**2 + 47*t - 249. Calculate n(14).
17
Let p(y) = -25*y**3 + 75*y**2 + 2*y + 3. Determine p(3).
9
Let c(q) = q**2 + 28*q - 222. What is c(-26)?
-274
Let f(r) = -9*r + 186. Give f(21).
-3
Let t(s) = -s**3 + 14*s**2 - 25*s - 49. Calculate t(11).
39
Let r(q) = 179*q - 980. Give r(6).
94
Let t(v) = -33*v - 926. What is t(-28)?
-2
Let s(p) = 90*p + 2006. Calculate s(-28).
-514
Let r(t) = 263*t - 236. Determine r(1).
27
Let w(o) = 34*o + 45. Calculate w(6).
249
Let c(l) = -5545*l - 11093. What is c(-2)?
-3
Let g(h) = 54*h**2 + 13*h + 13. Calculate g(-1).
54
Let y(v) = 390*v + 1577. Give y(-4).
17
Let u(l) = -l**2 - 10*l - 327. Determine u(-8).
-311
Let q(y) = -y**3 + 5*y**2 + 12. Give q(5).
12
Let v(c) = -4*c**3 - 9*c**2 - 53*c + 206. Calculate v(5).
-784
Let j(g) = -19*g**2 - 5480*g + 3189. What is j(-289)?
10
Let b(d) = d**2 - 38*d + 191. Calculate b(28).
-89
Let d(b) = -b**3 - 5*b**2 + 138*b + 573. Give d(-4).
5
Let w(i) = -16*i**2 + 23*i - 5. Calculate w(7).
-628
Let u(w) = w**3 + 8*w**2 - 8*w - 30. What is u(-7)?
75
Let o(h) = h**3 + 9*h**2 - 89*h + 3. Give o(-15).
-12
Let a(y) = -y**3 - y**2 - y + 242. Determine a(0).
242
Let q(v) = 144*v - 432. Give q(3).
0
Let w(g) = -g**2 - 87*g - 1169. Calculate w(-71).
-33
Let a(u) = -u**3 + 40*u**2 + 4*u - 123. What is a(40)?
37
Let x(g) = -90*g + 3. Calculate x(0).
3
Let f(c) = -c**3 + 22*c**2 - 27*c + 144. Give f(21).
18
Let s(w) = -8*w - 40. Calculate s(-5).
0
Let l(x) = 2*x + 134. Determine l(-65).
4
Let i(g) = -152*g - 1060. Give i(-7).
4
Let w(b) = 66*b - 3164. Determine w(48).
4
Let r(w) = -w**3 + 3*w**2 - 31*w + 99. Calculate r(3).
6
Let o(i) = -25*i**3 - 348*i**2 + 23*i - 30. Determine o(-14).
40
Let x(g) = -4*g**3 + 4*g**2 + 1052. Determine x(0).
1052
Let n(t) = 23*t**2 + 709*t - 108. Calculate n(-31).
16
Let y(m) = -29*m - 824. Determine y(-31).
75
Let m(c) = 195*c + 8381. Determine m(-43).
-4
Let s(m) = -99*m**2 + 145*m - 436. Give s(3).
-892
Let u(x) = 31*x**2 + 2*x - 3. Give u(-2).
117
Let l(n) = -n**3 - 7*n**2 - n - 40. Calculate l(-7).
-33
Let w(s) = -s**2 - 17*s - 35. Calculate w(-8).
37
Let x(f) = -f**2 - 213*f - 1653. Determine x(-8).
-13
Let q(o) = o**3 + 20*o**2 + 29*o + 514. Determine q(-20).
-66
Let j(g) = -2*g - 235. Give j(-6).
-223
Let t(b) = -34*b + 1. What is t(1)?
-33
Let f(b) = 5*b**2 - 277*b - 1392. What is f(60)?
-12
Let a(w) = -3*w**2 - 26*w + 119. What is a(-12)?
-1
Let l(b) = -94*b + 1078. What is l(13)?
-144
Let m(i) = 9*i - 244. Determine m(18).
-82
Let l(f) = -2*f**3 - 22*f**2 - 10*f - 22. Determine l(-10).
-122
Let t(h) = h**3 - 7*h**2 - 36*h + 25. Give t(9).
-137
Let b(w) = -w**3 - 36*w**2 - 7*w - 48. Calculate b(-36).
204
Let t(v) = -2*v**2 - 82*v - 233. Give t(-3).
-5
Let d(l) = l**3 - 15*l**2 - 73*l - 72. Calculate d(19).
-15
Let m(s) = -s**2 + 7*s + 2632. Give m(55).
-8
Let i(b) = 3*b**3 - 28*b**2 - 27*b + 52. Give i(10).
-18
Let w(m) = 52*m - 5. Give w(1).
47
Let f(c) = -4*c + 43. Calculate f(27).
-65
Let i(l) = -19*l + 23. Calculate i(0).
23
Let r(n) = 267*n + 29931. What is r(-112)?
27
Let a(j) = -459*j - 466. Determine a(-1).
-7
Let r(c) = -3*c**2 - 37*c - 18. Calculate r(-12).
-6
Let v(u) = -3*u**2 - 9*u + 288. What is v(8)?
24
Let j(b) = 30*b - 280. What is j(18)?
260
Let d(y) = -4*y**3 + 725*y**2 + 544*y + 367. Determine d(182).
3
Let t(u) = u**3 + 46*u**2 - 100*u - 308. Determine t(-48).
-116
Let l(n) = -9*n - 70. Calculate l(-9).
11
Let b(j) = j**3 - 45*j**2 + 55*j - 509. Calculate b(44).
-25
Let p(t) = -2*t**2 + 90*t + 3892. Determine p(-27).
4
Let v(b) = 66*b + 584. What is v(-9)?
-10
Let o(k) = 32*k - 216. Calculate o(5).
-56
Let r(y) = -2*y**2 - 30*y - 92. Give r(-13).
-40
Let u(o) = -4*o**3 + 17*o**2 - 12*o + 29. Calculate u(4).
-3
Let j(r) = r**3 + 10*r**2 - 71*r - 144. What is j(6)?
6
Let s(i) = -2*i**3 + 8*i - 3. Give s(4).
-99
Let x(y) = 448*y - 8504. What is x(19)?
8
Let a(o) = o**2 + 184*o + 883. Give a(-5).
-12
Let g(o) = 5096*o - 45879. Determine g(9).
-15
Let h(t) = -7*t**3 - 9*t**2 - 16*t - 6. What is h(-1)?
8
Let u(g) = -g**2 - 1417*g - 32062. Give u(-23).
0
Let t(n) = -6*n**3 + n**2 + 5*n - 4. What is t(3)?
-142
Let c(k) = -1536*k - 1528. What is c(-1)?
8
Let i(r) = r**3 + 21*r**2 + 15*r - 97. Give i(-19).
340
Let m(d) = -2*d**3 - 62*d**2 - 388*d - 158. What is m(-8)?
2
Let a(r) = -44*r**2 + 235*r - 78. Give a(5).
-3
Let f(g) = 5*g**3 - 4*g**2 - 15*g - 36. Give f(-4).
-360
Let d(a) = 1386*a + 2772. Calculate d(-2).
0
Let g(m) = 17*m**2 + 350*m - 126. Calculate g(-21).
21
Let i(w) = -w**3 - w**2 - 21*w - 74. Determine i(-3).
7
Let b(p) = 17*p - 2132. What is b(125)?
-7
Let q(r) = -2227*r + 6686. What is q(3)?
5
Let r(a) = a**2 - 7*a - 217. Determine r(18).
-19
Let i(u) = -73*u**3 - u**2 - u - 2. Determine i(-1).
71
Let t(b) = -30*b**2 - 103*b + 2. What is t(-4)?
-66
Let i(o) = o**3 + 14*o**2 + 17*o + 71. Give i(-13).
19
Let p(o) = -7*o**2 + 2097*o + 2096. Give p(-1).
-8
Let p(l) = -2*l**3 + 29*l**2 - 17*l - 263. What is p(13)?
23
Let f(q) = -q**3 - 30*q**2 - 67*q + 1452. Calculate f(-25).
2
Let k(n) = -2*n**3 + 11*n**2 - 79*n + 251. Calculate k(4).
-17
Let u(g) = -2*g**2 + 51*g - 153. What is u(20)?
67
Let f(x) = 2*x**3 - 14*x**2 + 5*x - 43. Determine f(7).
-8
Let k(r) = -6*r + 150. Calculate k(13).
72
Let l(i) = 49*i**3 + 3*i**2 + 3*i + 1. Give l(-1).
-48
Let q(n) = n**3 + 22*n**2 + 62*n - 23. Give q(-15).
622
Let q(z) = 501*z - 1007. What is q(2)?
-5
Let t(a) = -a**2 - 9*a - 6. Determine t(-3).
12
Let z(g) = g**2 - 81*g - 1120. Give z(93).
-4
Let b(s) = -2*s**3 - 9*s**2 + 51*s - 1. What is b(5)?
-221
Let p(f) = -2*f**2 + 39*f - 85. Determine p(21).
-148
Let l(w) = -w**2 - 491*w + 2489. Give l(5).
9
Let u(t) = -48*t + 2993. Give u(62).
17
Let y(n) = -4*n**2 - 97*n + 208. Calculate y(2).
-2
Let t(c) = -10*c**3 - 99*c**2 + 20*c + 82. What is t(-10)?
-18
Let g(k) = -3*k**2 + 368*k + 884. What is g(125)?
9
Let j(i) = -18*i - 29. Calculate j(-5).
61
Let q(m) = -m**3 - 3*m**2 - 4*m - 3. Determine q(0).
-3
Let i(q) = -q**3 - 4*q**2 + 52*q + 185. Calculate i(-4).
-23
Let r(m) = 240*m - 3826. What is r(16)?
14
Let f(l) = -100*l + 1207. What is f(12)?
7
Let k(x) = -3*x**3 - 196*x**2 + 552*x + 560. What is k(-68)?
16
Let z(c) = 33*c - 295. Give z(8).
-31
Let s(w) = -73*w + 311. Calculate s(3).
92
Let m(o) = 2*o**3 + 14*o**2 + 25*o + 179. Give m(-7).
4
Let g(b) = 2*b**3 + 3*b + 1. Calculate g(2).
23
Let g(s) = -1054*s**2 + 18*s - 21. What is g(1)?
-1057
Let h(j) = j**3 - 67*j**2 - 517*j - 84. Determine h(74).
-10
Let o(g) = 962*g**3 + 8*g**2 + 5*g - 1. What is o(-1)?
-960
Let r(z) = z**3 + 16*z**2 + 54*z - 84. Give r(-8).
-4
Let w(s) = -s**3 - 102*s**2 - 397*s - 191. Give w(-98).
